 of k and v.
17
Suppose 2*g = -4*o + 5 - 1, 0 = 2*g - o + 1. Suppose g = -4*a + 10*a - 114. Calculate the highest common divisor of a and 76.
19
Let l(n) = n**2 + 3*n + 1. Let y be l(-5). Suppose -3*i = -2*h - 361, -9*i - 122 = -10*i - h. Calculate the highest common factor of y and i.
11
Let c(y) = y. Let j be c(3). Suppose -w = -f - 6*w - 14, j*f = 4*w + 34. Let u = 187 + -184. Calculate the greatest common divisor of f and u.
3
Let h(t) = -t**3 - 3*t**2 + t - 4. Let s = -7 - -27. Suppose -4*y - s = 0, -22 = -b + 4*b + 2*y. Let g be h(b). What is the highest common factor of g and 88?
8
Let l be (10 - -606) + 1*-5. Calculate the highest common divisor of l and 13.
13
Suppose -24 = -j - j. Let f = 8 - 1. Let z = j - f. What is the greatest common divisor of z and 25?
5
Suppose 3*x - 2041 - 632 = 0. What is the highest common divisor of 81 and x?
81
Suppose -2*g + 778 = 682. What is the highest common divisor of 54 and g?
6
Suppose -28 = 2*g - 5*l, 0 = 5*l - 20. Let r be 62/434 + (-58)/14. Let t be r/(1*g) + 12. Calculate the greatest common divisor of t and 13.
13
Let a = 1099 - 763. Suppose 3*m = t + 52 + 280, -3*m = 3*t - a. What is the highest common divisor of m and 74?
37
Let t(r) = 23*r - 11. Let w be t(7). Suppose -3*i + g + 88 = 0, 5*i + 2 = -g + 154. What is the greatest common divisor of w and i?
30
Let p be (-369)/(-492) - 217/(-4). Calculate the highest common divisor of 99 and p.
11
Let f = 30 - 22. Suppose 4*o + 13 + 3 = -s, -5*s - 3*o + 5 = 0. Suppose -4 = 3*n - s*n. Calculate the greatest common divisor of n and f.
4
Suppose -5*b = -0*b - 130. Let p = -10 + b. Calculate the greatest common factor of p and 48.
16
Let n = -101 + 161. What is the greatest common factor of n and 570?
30
Let k be ((-70)/25 - 3/15)*-9. What is the highest common divisor of k and 72?
9
Suppose -4*i + 5*a + 495 = 0, 0*a = 2*i - 5*a - 255. What is the highest common divisor of 48 and i?
24
Let i = -73 + 70. Let o be (9/i)/(6/(-128)). Calculate the highest common factor of o and 32.
32
Let m(b) = b - 1. Let n be m(3). Suppose 4*u - 8 = 5*s, u = 5*u - n*s - 20. Calculate the greatest common divisor of 77 and u.
7
Let o(r) = 40*r - 350. Let m be o(12). What is the greatest common factor of m and 585?
65
Let j(d) = 33*d + 275. Let u be j(-8). Calculate the highest common factor of u and 187.
11
Let f(z) = -14*z + 30. Let p be f(-66). What is the highest common divisor of p and 106?
106
Let a(q) = q + 5. Let z be a(-4). Suppose 17*h - 20*h = -18. Suppose h*c + 4 = 10*c. What is the highest common factor of z and c?
1
Suppose 27*l - 1864 - 890 = 0. Calculate the greatest common factor of l and 255.
51
Let d be ((-1)/5)/(46/(-690)). What is the greatest common factor of d and 336?
3
Let v = 1541 - 1294. What is the highest common factor of 52 and v?
13
Suppose 0 = -5*z + 2*v + 6, -4*z - 12 = -v + 5*v. Let g be 10/5 + -1 + 179 + z. What is the highest common divisor of 45 and g?
45
Let r = 14 + -3. Let a(q) = q**2 - 8*q + 8. Let w be a(7). Calculate the greatest common divisor of r and w.
1
Let i(l) = 3*l**2 + 6*l + 17. Let w be i(-15). What is the greatest common factor of w and 14?
14
Let x = -90 + 168. Let n(t) = -2*t**3 - 2*t**2 + 3*t - 1. Let i be n(-3). What is the greatest common divisor of x and i?
26
Suppose 4*j + 1944 = 12*j. Calculate the highest common factor of j and 27.
27
Let w(k) = k**3 - 13*k**2 - 15*k + 23. Let n = -78 - -92. Let y be w(n). What is the highest common divisor of y and 27?
9
Suppose -23*d = -10*d - 104. Suppose -d*b = -16*b + 432. Calculate the highest common divisor of b and 18.
18
Let q be -2 + 8/12*3. Suppose q = -c - n + 4*n + 36, -3*c + 2*n + 80 = 0. Suppose c = -2*i + 5*i. What is the greatest common factor of 8 and i?
8
Let c(j) = 2*j - 11. Let g be c(8). Let i = 20 - 10. What is the highest common factor of g and i?
5
Let h(p) = 29*p**2 + 4*p + 3. Let y be h(3). Calculate the greatest common divisor of 6 and y.
6
Suppose 8 + 434 = 13*v. Calculate the greatest common factor of v and 374.
34
Suppose 5*w = -47 - 93. Let b = w + 73. What is the greatest common divisor of 5 and b?
5
Let w(p) = -93*p - 2. Let n be w(-10). Calculate the highest common factor of n and 58.
58
Let x be 366/61*28/6. What is the greatest common factor of 266 and x?
14
Let w be (-42)/26*-3 - (-4)/26. Let d(j) = j**3 - 5*j**2 + 3*j - 3. Let m be d(w). What is the highest common factor of 12 and m?
12
Let a(g) = 20*g + 28. Let m(d) = -2*d + 10. Let h be m(3). Let z be a(h). Suppose 5*s - 9 = 51. Calculate the greatest common divisor of z and s.
12
Let g = -208 - -289. Calculate the greatest common factor of g and 621.
27
Suppose 3*w - 27 = 5*l, 5*l - 3*l + w = -13. Let d(s) = s**2 + 5*s + 6. Let u be d(l). Let b be (8/u)/(2/33). Calculate the greatest common factor of 99 and b.
11
Let g(r) = 19*r + 7. Let y be g(2). Suppose -3*l = -n + 12 - y, 3*n + 15 = 2*l. What is the greatest common factor of l and 30?
6
Suppose -20*c = -19*c - 6. Let s(z) = z**3 - 6*z**2 + 7*z + 14. Let w be s(c). Calculate the highest common factor of 140 and w.
28
Let g = 24 + -21. Suppose -2*f + 0 - 4 = -4*v, 0 = v - g. Let u be ((-8)/(-5))/(4/90). Calculate the highest common divisor of f and u.
4
Let a(u) = u**2 + 3*u - 7. Let o = -16 - -11. Let k be a(o). Suppose -5*s = -3*t + 49, t = -t + k*s + 32. Calculate the greatest common divisor of 91 and t.
13
Suppose -2*h = -123 - 69. Calculate the highest common factor of h and 6.
6
Suppose -5*p + 409 + 16 = 0. What is the greatest common factor of 136 and p?
17
Let k = -7 - -4. Let b be k + (-1)/(-2)*-6. Let n = b - -26. Calculate the highest common factor of n and 10.
10
Suppose y = 3*y - 148. Let x = 137 - y. What is the greatest common factor of x and 7?
7
Let d(x) = x**3 + 23*x**2 - 18*x + 40. Let p be d(-22). What is the highest common divisor of p and 80?
40
Suppose 6 + 3 = 3*a. Suppose 6 = -w + a*w. What is the highest common factor of 33 and w?
3
Let p = -7 + 2. Let h = 14 + p. What is the highest common divisor of h and 18?
9
Suppose -4*x - 3*o + 115 = 0, -16*x - 130 = -20*x + 2*o. Let c(f) = 40*f + 4. Let k be c(3). What is the greatest common factor of x and k?
31
Suppose 0 = d - 4*j - j, -4*j + 58 = 5*d. Let a(h) = -h**3 + 12*h**2 + 4*h - 32. Let i be a(d). Calculate the greatest common divisor of 13 and i.
13
Let f be (-1088)/14 + (-32)/14 + 2. Let j = f - -82. Calculate the greatest common divisor of 4 and j.
4
Suppose a = 3*d - 66, -2*d + 88 = 2*d - 5*a. Suppose -2970 = -4*j + j - 5*k, 0 = 2*k. Suppose 40*y + j = 45*y. Calculate the highest common divisor of y and d.
22
Let c be 0/(21/(-3) - -4). Suppose -n - 3*n + 8 = c. Calculate the highest common divisor of n and 22.
2
Let n(d) = d**3 - 3*d + 4. Let m be n(2). Suppose -5*p = -m*p + 68. Calculate the greatest common divisor of p and 34.
34
Suppose l = -j, 2 = -5*l - j + 6. Calculate the highest common divisor of l and 25.
1
Let q be (16/(-2))/(2/3). Let l be (q/5)/(4/(-10)). What is the greatest common divisor of 12 and l?
6
Suppose 6*s - 4*h - 157 = s, -s = -2*h - 29. Let g(p) = -2*p**2 + 33*p - 132. Let o be g(9). Calculate the greatest common factor of s and o.
3
Let q(x) = -x**3 + 7*x**2 - 5*x + 5. Let c be q(6). What is the greatest common factor of c and 1?
1
Let l = -14 + 17. Suppose -129 = 3*y + 12. Let q = -20 - y. Calculate the highest common divisor of l and q.
3
Let i be 7*(446/56 + (-56)/224). What is the highest common divisor of i and 45?
9
Let l = 6 - 39. Let o = l + 60. What is the greatest common factor of 9 and o?
9
Let v(w) = -8*w. Let b be v(-5). Let q = -18 + 121. Let p = q + -87. What is the greatest common factor of b and p?
8
Suppose -14 - 18 = -2*d. Suppose -3*g - 23 = -0*s + 2*s, 0 = 5*s + 20. Let y be (2 - (-12)/(-5))*g. Calculate the greatest common factor of d and y.
2
Let p be (-1)/(-2)*2*(15 + 128). Calculate the greatest common divisor of p and 13.
13
Let x(r) = 5*r**3 + 10*r - 3. Let g be x(3). What is the greatest common factor of g and 216?
54
Let z be 1 + 3 - (-340)/5. Suppose 5*l + l = z. Calculate the greatest common divisor of 84 and l.
12
Let m = -129 - -222. Calculate the greatest common factor of 31 and m.
31
Let z be 67363/123 + (-10)/6. Calculate the greatest common factor of z and 195.
39
Let x(w) = w - 11. Let